{"id":652,"date":"2025-11-17T19:33:25","date_gmt":"2025-11-17T18:33:25","guid":{"rendered":"https:\/\/www.handelndekunst.de\/?page_id=652"},"modified":"2025-11-17T19:33:26","modified_gmt":"2025-11-17T18:33:26","slug":"israel-und-die-gefaesse-des-goettlichen-lichts","status":"publish","type":"page","link":"https:\/\/www.handelndekunst.de\/en\/israel-und-die-gefaesse-des-goettlichen-lichts\/","title":{"rendered":"Israel und die Gef\u00e4\u00dfe des G\u00f6ttlichen Lichts"},"content":{"rendered":"\n<p>\u201e<em>Israel und das Schicksaal der Juden liegen mir zutiefst am Herzen. Die Standhaftigkeit Israels ist bewundernswert, angesichts der permanenten Bedrohungslage und der erlebten Traumata, zeigt es eine unfassbare Resilienz!&nbsp;<\/em><\/p>\n\n\n\n<p><em>Eine der Grundideen der Kabbala fasziniert mich ganz besonders, wonach im Sch\u00f6pfungs- bzw. Weltentstehungsprozess einige der Sph\u00e4ren oder \u201eGef\u00e4\u00dfe\u201c, die urspr\u00fcnglich das g\u00f6ttliche Licht halten sollten, zerbrachen und als unz\u00e4hlige Scherben in die Welt hinabfielen. Die meisten landeten auf dem Gebiet Israels. Das Zerborstene wieder zusammenzuf\u00fcgen, ist die Liebe zum Leben. Denn die Welt ein St\u00fcck besser zu machen, hei\u00dft auch immer, sie f\u00fcr alle Mitmenschen ein St\u00fcck besser zu machen. Das unsagbar Schmerzliche an der Geschichte Israels ist f\u00fcr mich immer wieder die Tatsache, dass genau das nicht erkannt wird, dass dieses Land permanent zu K\u00e4mpfen gezwungen wird, obwohl sein Bestreben eindeutig auf eine friedliche Gegenwart und Zukunft gerichtet ist. Israel muss permanent seine Existenz rechtfertigen und befindet sich in einem schrecklichen Existenzkampf ums \u00dcberleben, sowohl ganz konkret milit\u00e4risch wie auch ideologisch. Diese Konflikte beherrschen so sehr den \u00f6ffentlichen Diskurs, dass auch kulturelle Institutionen und Kulturschaffenden eher zu Handlangern der antisemitischen Agenda werden, die von den Feinden Israels vorangetrieben wird, als dass sie die produktiven, erfinderischen und heilenden Bem\u00fchungen Israels erkennen!<\/em><\/p>\n\n\n\n<p><em>Deshalb ist es f\u00fcr mich bei meiner kreativen Arbeit auch so wichtig, eine Verbindung zur gesellschaftlichen Realit\u00e4t beizubehalten. Mein Kunstkonzept \u201eHandelnde Kunst\u201c l\u00f6st sich aus dem selbstreferenziellen Moment der Kunst. Das dazugeh\u00f6rige Gem\u00e4lde tr\u00e4gt den Titel \u201eDas geheilte Herz\u201c. Es soll dem Schmerz \u00fcber das Schicksal Israels, aber auch der Hoffnung auf Heilung Ausdruck geben. Mit verspielter Hingabe er\u00f6ffnet es uns den Blick auf die Heilung, auf das geheilte Herz. Es ist die Sehnsucht nach der M\u00f6glichkeit, unbeschwert Kind zu sein, den fl\u00fcchtigen Augenblick in H\u00e4nden zu halten, und ihn zu bewahren, als zerbrechlich und wahr.\u201c<\/em><\/p>\n\n\n\n<p><\/p>\n","protected":false},"excerpt":{"rendered":"<p>\u201eIsrael und das Schicksaal der Juden liegen mir zutiefst am Herzen. Die Standhaftigkeit Israels ist bewundernswert, angesichts der permanenten Bedrohungslage und der erlebten Traumata, zeigt es eine unfassbare Resilienz!&nbsp; Eine der Grundideen der Kabbala fasziniert mich ganz besonders, wonach im Sch\u00f6pfungs- bzw. Weltentstehungsprozess einige der Sph\u00e4ren oder \u201eGef\u00e4\u00dfe\u201c, die urspr\u00fcnglich das g\u00f6ttliche Licht halten sollten,&hellip; <a class=\"more-link\" href=\"https:\/\/www.handelndekunst.de\/en\/israel-und-die-gefaesse-des-goettlichen-lichts\/\">Continue reading <span class=\"screen-reader-text\">Israel und die Gef\u00e4\u00dfe des G\u00f6ttlichen Lichts<\/span><\/a><\/p>\n","protected":false},"author":1,"featured_media":0,"parent":0,"menu_order":0,"comment_status":"closed","ping_status":"closed","template":"","meta":{"ngg_post_thumbnail":0,"footnotes":""},"class_list":["post-652","page","type-page","status-publish","hentry","entry"],"translation":{"provider":"WPGlobus","version":"3.0.2","language":"en","enabled_languages":["de","en"],"languages":{"de":{"title":true,"content":true,"excerpt":false},"en":{"title":false,"content":false,"excerpt":false}}},"_links":{"self":[{"href":"https:\/\/www.handelndekunst.de\/en\/wp-json\/wp\/v2\/pages\/652","targetHints":{"allow":["GET"]}}],"collection":[{"href":"https:\/\/www.handelndekunst.de\/en\/wp-json\/wp\/v2\/pages"}],"about":[{"href":"https:\/\/www.handelndekunst.de\/en\/wp-json\/wp\/v2\/types\/page"}],"author":[{"embeddable":true,"href":"https:\/\/www.handelndekunst.de\/en\/wp-json\/wp\/v2\/users\/1"}],"replies":[{"embeddable":true,"href":"https:\/\/www.handelndekunst.de\/en\/wp-json\/wp\/v2\/comments?post=652"}],"version-history":[{"count":1,"href":"https:\/\/www.handelndekunst.de\/en\/wp-json\/wp\/v2\/pages\/652\/revisions"}],"predecessor-version":[{"id":653,"href":"https:\/\/www.handelndekunst.de\/en\/wp-json\/wp\/v2\/pages\/652\/revisions\/653"}],"wp:attachment":[{"href":"https:\/\/www.handelndekunst.de\/en\/wp-json\/wp\/v2\/media?parent=652"}],"curies":[{"name":"wp","href":"https:\/\/api.w.org\/{rel}","templated":true}]}}

Israel und die Gefäße des Göttlichen Lichts

<p>„<em>Israel und das Schicksaal der Juden liegen mir zutiefst am Herzen. Die Standhaftigkeit Israels ist bewundernswert, angesichts der permanenten Bedrohungslage und der erlebten Traumata, zeigt es eine unfassbare Resilienz!&nbsp;</em></p>



<p><em>Eine der Grundideen der Kabbala fasziniert mich ganz besonders, wonach im Schöpfungs- bzw. Weltentstehungsprozess einige der Sphären oder „Gefäße“, die ursprünglich das göttliche Licht halten sollten, zerbrachen und als unzählige Scherben in die Welt hinabfielen. Die meisten landeten auf dem Gebiet Israels. Das Zerborstene wieder zusammenzufügen, ist die Liebe zum Leben. Denn die Welt ein Stück besser zu machen, heißt auch immer, sie für alle Mitmenschen ein Stück besser zu machen. Das unsagbar Schmerzliche an der Geschichte Israels ist für mich immer wieder die Tatsache, dass genau das nicht erkannt wird, dass dieses Land permanent zu Kämpfen gezwungen wird, obwohl sein Bestreben eindeutig auf eine friedliche Gegenwart und Zukunft gerichtet ist. Israel muss permanent seine Existenz rechtfertigen und befindet sich in einem schrecklichen Existenzkampf ums Überleben, sowohl ganz konkret militärisch wie auch ideologisch. Diese Konflikte beherrschen so sehr den öffentlichen Diskurs, dass auch kulturelle Institutionen und Kulturschaffenden eher zu Handlangern der antisemitischen Agenda werden, die von den Feinden Israels vorangetrieben wird, als dass sie die produktiven, erfinderischen und heilenden Bemühungen Israels erkennen!</em></p>



<p><em>Deshalb ist es für mich bei meiner kreativen Arbeit auch so wichtig, eine Verbindung zur gesellschaftlichen Realität beizubehalten. Mein Kunstkonzept „Handelnde Kunst“ löst sich aus dem selbstreferenziellen Moment der Kunst. Das dazugehörige Gemälde trägt den Titel „Das geheilte Herz“. Es soll dem Schmerz über das Schicksal Israels, aber auch der Hoffnung auf Heilung Ausdruck geben. Mit verspielter Hingabe eröffnet es uns den Blick auf die Heilung, auf das geheilte Herz. Es ist die Sehnsucht nach der Möglichkeit, unbeschwert Kind zu sein, den flüchtigen Augenblick in Händen zu halten, und ihn zu bewahren, als zerbrechlich und wahr.“</em></p>



<p></p>

<p>„Israel und das Schicksaal der Juden liegen mir zutiefst am Herzen. Die Standhaftigkeit Israels ist bewundernswert, angesichts der permanenten Bedrohungslage und der erlebten Traumata, zeigt es eine unfassbare Resilienz!&nbsp; Eine der Grundideen der Kabbala fasziniert mich ganz besonders, wonach im Schöpfungs- bzw. Weltentstehungsprozess einige der Sphären oder „Gefäße“, die ursprünglich das göttliche Licht halten sollten,&hellip; <a class="more-link" href="https://www.handelndekunst.de/en/israel-und-die-gefaesse-des-goettlichen-lichts/">Continue reading <span class="screen-reader-text">Israel und die Gefäße des Göttlichen Lichts</span></a></p>
